git of 4444077458?
4
What is the ten millions digit of 67417081?
6
What is the ten thousands digit of 103833788?
3
What is the hundred thousands digit of 1310752777?
7
What is the units digit of 16249987?
7
What is the hundred millions digit of 1639499486?
6
What is the ten thousands digit of 67363272?
6
What is the tens digit of 5860633067?
6
What is the thousands digit of 13490901?
0
What is the thousands digit of 435594589?
4
What is the ten thousands digit of 458303927?
0
What is the ten thousands digit of 32655394?
5
What is the ten thousands digit of 39337802?
3
What is the hundreds digit of 883835817?
8
What is the units digit of 4787250?
0
What is the units digit of 2076346202?
2
What is the hundreds digit of 25831202?
2
What is the ten thousands digit of 22738568?
3
What is the ten thousands digit of 1414285394?
8
What is the millions digit of 212511796?
2
What is the thousands digit of 1661080512?
0
What is the hundred thousands digit of 141587961?
5
What is the thousands digit of 32922849?
2
What is the ten thousands digit of 34875361?
7
What is the thousands digit of 5285496?
5
What is the millions digit of 15353471?
5
What is the hundred thousands digit of 179919965?
9
What is the hundred thousands digit of 52148567?
1
What is the ten millions digit of 765520279?
6
What is the ten thousands digit of 95631504?
3
What is the tens digit of 737411733?
3
What is the ten thousands digit of 88189312?
8
What is the millions digit of 70088210?
0
What is the ten thousands digit of 104319978?
1
What is the units digit of 519567105?
5
What is the thousands digit of 186604578?
4
What is the units digit of 422322303?
3
What is the tens digit of 13257086?
8
What is the thousands digit of 13135029?
5
What is the hundreds digit of 50575313?
3
What is the hundred thousands digit of 1528384487?
3
What is the hundred millions digit of 2378293139?
3
What is the ten millions digit of 84894790?
8
What is the hundred millions digit of 4902138042?
9
What is the billions digit of 3259184080?
3
What is the ten thousands digit of 1901979179?
7
What is the ten millions digit of 686831200?
8
What is the thousands digit of 30816151?
6
What is the millions digit of 412672407?
2
What is the ten millions digit of 1076146892?
7
What is the ten millions digit of 1105842873?
0
What is the ten millions digit of 338317951?
3
What is the units digit of 54616577?
7
What is the ten thousands digit of 169081213?
8
What is the units digit of 404861437?
7
What is the tens digit of 15163602?
0
What is the tens digit of 662953987?
8
What is the hundred thousands digit of 22403458?
4
What is the ten thousands digit of 11761934?
6
What is the ten millions digit of 137835077?
3
What is the thousands digit of 194051669?
1
What is the thousands digit of 25588947?
8
What is the ten thousands digit of 65479916?
7
What is the tens digit of 6513047429?
2
What is the millions digit of 129181142?
9
What is the tens digit of 331736987?
8
What is the millions digit of 43467703?
3
What is the ten millions digit of 207636657?
0
What is the thousands digit of 375174644?
4
What is the tens digit of 31246827?
2
What is the ten millions digit of 47370311?
4
What is the thousands digit of 104935789?
5
What is the hundreds digit of 713315691?
6
What is the hundreds digit of 584751269?
2
What is the units digit of 343677107?
7
What is the thousands digit of 39974014?
4
What is the hundred millions digit of 224850062?
2
What is the billions digit of 1738768993?
1
What is the ten thousands digit of 157875322?
7
What is the ten thousands digit of 246891785?
9
What is the hundred thousands digit of 1354057139?
0
What is the tens digit of 520159999?
9
What is the ten thousands digit of 73628039?
2
What is the hundreds digit of 3368452343?
3
What is the units digit of 63835995?
5
What is the ten thousands digit of 42764883?
6
What is the tens digit of 5139752?
5
What is the hundreds digit of 114459628?
6
What is the hundred millions digit of 914965965?
9
What is the ten millions digit of 2123968958?
2
What is the ten thousands digit of 226526982?
2
What is the tens digit of 13660074?
7
What is the hundred millions digit of 6555788000?
5
What is the hundred millions digit of 142826947?
1
What is the hundreds digit of 271259568?
5
What is the ten millions digit of 68203418?
6
What is the units digit of 130591668?
8
What is the ten thousands digit of 2319669762?
6
What is the hundred millions digit of 354894102?
3
What is the units digit of 3795150381?
1
What is the hundred millions digit of 203377938?
2
What is the ten millions digit of 682704289?
8
What is the ten thousands digit of 514688846?
8
What is the hundred thousands digit of 12585581?
5
What is the ten millions digit of 27110591?
2
What is the tens digit of 567039688?
8
What is the millions digit of 2140939308?
0
What is the millions digit of 88324551?
8
What is the hundred millions digit of 242261568?
2
What is the tens digit of 121003841?
4
What is the millions digit of 318854550?
8
What is the units digit of 1903269405?
5
What is the units digit of 435639182?
2
What is the thousands digit of 9319257?
9
What is the units digit of 1182409833?
3
What is the hundreds digit of 380728792?
7
What is the hundred thousands digit of 2004920508?
9
What is the hundred millions digit of 132750785?
1
What is the thousands digit of 48857972?
7
What is the thousands digit of 1577511640?
1
What is the tens digit of 513964520?
2
What is the thousands digit of 142641670?
1
What is the hundred thousands digit of 530620916?
6
What is the millions digit of 25068106?
5
What is the units digit of 115741705?
5
What is the hundreds digit of 3466728190?
1
What is the tens digit of 211255625?
2
What is the millions digit of 151865657?
1
What is the hundred thousands digit of 310416224?
4
What is the thousands digit of 1817757094?
7
What is the hundreds digit of 13703526?
5
What is the millions digit of 643446031?
3
What is the units digit of 132243711?
1
What is the ten thousands digit of 1578397624?
9
What is the millions digit of 2398953429?
8
What is the ten thousands digit of 5495241607?
4
What is the thousands digit of 56337518?
7
What is the ten thousands digit of 3189858802?
5
What is the units digit of 4234606243?
3
What is the hundred thousands digit of 29225104?
2
What is the hundreds digit of 3281029571?
5
What is the millions digit of 5241308?
5
What is the ten millions digit of 2879658223?
7
What is the ten thousands digit of 340058275?
5
What is the hundreds digit of 432681773?
7
What is the thousands digit of 16229277?
9
What is the millions digit of 116336314?
6
What is the millions digit of 4858908952?
8
What is the ten millions digit of 220586232?
2
What is the millions digit of 3207320742?
7
What is the ten millions digit of 2506341500?
0
What is the ten millions digit of 216778945?
1
What is the hundred thousands digit of 15775592?
7
What is the hundred millions digit of 2531630070?
5
What is the thousands digit of 1213391449?
1
What is the ten millions digit of 505632894?
0
What is the hundred thousands digit of 1108201291?
2
What is the ten millions digit of 289144114?
8
What is the thousands digit of 141782191?
2
What is the millions digit of 64475723?
4
What is the units digit of 986972665?
5
What is the millions digit of 53995821?
3
What is the units digit of 98859908?
8
What is the units digit of 342034587?
7
What is the hundreds digit of 334048060?
0
What is the thousands digit of 44401782?
1
What is the ten millions digit of 737736445?
3
What is the thousands digit of 27660727?
0
What is the millions digit of 299478998?
9
What is the tens digit of 480178894?
9
What is the millions digit of 168033046?
8
What is the hundreds digit of 1157987877?
8
What is the hundreds digit of 1036203040?
0
What is the hundreds digit of 546902380?
3
What is the units digit of 2155074382?
2
What is the billions digit of 7670161188?
7
What is the ten millions digit of 83161703?
8
What is the millions digit of 28752032?
8
What is the tens digit of 301526954?
5
What is the millions digit of 35283291?
5
What is the ten thousands digit of 277205970?
0
What is the hundreds digit of 167694003?
0
What is the ten thousands digit of 1127119509?
1
What is the thousands